hundreds digit of 1740?
7
What is the tens digit of 4939?
3
What is the ten thousands digit of 10094?
1
What is the tens digit of 82771?
7
What is the units digit of 1183?
3
What is the units digit of 22197?
7
What is the tens digit of 2635?
3
What is the tens digit of 3372?
7
What is the tens digit of 47799?
9
What is the ten thousands digit of 11812?
1
What is the units digit of 1018?
8
What is the tens digit of 887?
8
What is the thousands digit of 20315?
0
What is the tens digit of 26394?
9
What is the hundreds digit of 343?
3
What is the hundreds digit of 825?
8
What is the hundred thousands digit of 107281?
1
What is the thousands digit of 13898?
3
What is the units digit of 747?
7
What is the tens digit of 446?
4
What is the tens digit of 2890?
9
What is the thousands digit of 6495?
6
What is the units digit of 949?
9
What is the units digit of 6044?
4
What is the hundreds digit of 9501?
5
What is the tens digit of 3966?
6
What is the units digit of 5143?
3
What is the hundreds digit of 606?
6
What is the ten thousands digit of 61511?
6
What is the tens digit of 116989?
8
What is the units digit of 4912?
2
What is the ten thousands digit of 47591?
4
What is the units digit of 44?
4
What is the hundreds digit of 1299?
2
What is the thousands digit of 1037?
1
What is the hundreds digit of 1009?
0
What is the thousands digit of 91566?
1
What is the hundreds digit of 1888?
8
What is the hundreds digit of 1142?
1
What is the hundreds digit of 8149?
1
What is the units digit of 27559?
9
What is the hundreds digit of 9386?
3
What is the tens digit of 352?
5
What is the thousands digit of 23238?
3
What is the thousands digit of 63132?
3
What is the hundreds digit of 347?
3
What is the ten thousands digit of 95318?
9
What is the units digit of 7917?
7
What is the units digit of 74?
4
What is the units digit of 16421?
1
What is the hundreds digit of 1375?
3
What is the tens digit of 4131?
3
What is the thousands digit of 4083?
4
What is the units digit of 5255?
5
What is the units digit of 2090?
0
What is the hundreds digit of 7533?
5
What is the ten thousands digit of 22150?
2
What is the thousands digit of 1800?
1
What is the hundreds digit of 3789?
7
What is the ten thousands digit of 25308?
2
What is the hundreds digit of 92016?
0
What is the thousands digit of 1533?
1
What is the units digit of 521?
1
What is the tens digit of 4353?
5
What is the tens digit of 109976?
7
What is the units digit of 9779?
9
What is the tens digit of 14415?
1
What is the ten thousands digit of 15367?
1
What is the hundreds digit of 8989?
9
What is the tens digit of 8865?
6
What is the thousands digit of 6550?
6
What is the units digit of 4913?
3
What is the hundreds digit of 44664?
6
What is the thousands digit of 1957?
1
What is the hundreds digit of 711?
7
What is the thousands digit of 6882?
6
What is the units digit of 2865?
5
What is the units digit of 82188?
8
What is the hundreds digit of 16787?
7
What is the hundreds digit of 1840?
8
What is the thousands digit of 5579?
5
What is the units digit of 4039?
9
What is the hundreds digit of 15602?
6
What is the hundreds digit of 4734?
7
What is the ten thousands digit of 15832?
1
What is the units digit of 1109?
9
What is the thousands digit of 3377?
3
What is the units digit of 31797?
7
What is the thousands digit of 22104?
2
What is the thousands digit of 28096?
8
What is the units digit of 1048?
8
What is the ten thousands digit of 53859?
5
What is the tens digit of 42579?
7
What is the units digit of 4075?
5
What is the hundreds digit of 20250?
2
What is the thousands digit of 2422?
2
What is the tens digit of 145810?
1
What is the tens digit of 15434?
3
What is the hundreds digit of 26871?
8
What is the hundreds digit of 212?
2
What is the units digit of 2954?
4
What is the thousands digit of 8298?
8
What is the tens digit of 482?
8
What is the units digit of 27824?
4
What is the ten thousands digit of 18590?
1
What is the units digit of 970?
0
What is the hundreds digit of 294?
2
What is the units digit of 93377?
7
What is the hundreds digit of 3614?
6
What is the units digit of 9657?
7
What is the hundreds digit of 26228?
2
What is the tens digit of 32129?
2
What is the units digit of 3756?
6
What is the tens digit of 4711?
1
What is the hundred thousands digit of 132295?
1
What is the hundreds digit of 169?
1
What is the thousands digit of 11030?
1
What is the units digit of 257?
7
What is the ten thousands digit of 11565?
1
What is the tens digit of 1766?
6
What is the thousands digit of 6799?
6
What is the hundreds digit of 5618?
6
What is the ten thousands digit of 10173?
1
What is the ten thousands digit of 15314?
1
What is the units digit of 9190?
0
What is the hundreds digit of 162?
1
What is the tens digit of 4428?
2
What is the units digit of 18909?
9
What is the ten thousands digit of 45562?
4
What is the hundreds digit of 2664?
6
What is the hundreds digit of 143?
1
What is the hundreds digit of 36854?
8
What is the hundreds digit of 224?
2
What is the units digit of 1138?
8
What is the thousands digit of 1775?
1
What is the units digit of 45346?
6
What is the hundreds digit of 2332?
3
What is the units digit of 19455?
5
What is the ten thousands digit of 64802?
6
What is the tens digit of 133769?
6
What is the hundreds digit of 4728?
7
What is the tens digit of 2831?
3
What is the units digit of 566?
6
What is the units digit of 3339?
9
What is the thousands digit of 1934?
1
What is the hundreds digit of 5229?
2
What is the thousands digit of 28603?
8
What is the hundreds digit of 25690?
6
What is the tens digit of 1080?
8
What is the tens digit of 1120?
2
What is the units digit of 264?
4
What is the thousands digit of 20079?
0
What is the tens digit of 750?
5
What is the units digit of 1871?
1
What is the tens digit of 88?
8
What is the hundreds digit of 4314?
3
What is the units digit of 5037?
7
What is the thousands digit of 9386?
9
What is the tens digit of 13694?
9
What is the hundreds digit of 589?
5
What is the tens digit of 545?
4
What is the hundreds digit of 36955?
9
What is the thousands digit of 29691?
9
What is the tens digit of 12484?
8
What is the tens digit of 2444?
4
What is the units digit of 1888?
8
What is the units digit of 1815?
5
What is the hundreds digit of 249?
2
What is the hundreds digit of 41894?
8
What is the thousands digit of 3881?
3
What is the thousands digit of 30927?
0
What is the tens digit of 109?
0
What is the tens digit of 2982?
8
What is the thousands digit of 3375?
3
What is the units digit of 25080?
0
What is the units digit of 16938?
8
What is the tens digit of 20905?
0
What is the hundreds digit of 4827?
8
What is the thousands digit of 2453?
2
What is the thousands digit of 1147?
1
What is the thousands digit of 3886?
3
What is the units digit of 19179?
9
What is the hundreds digit of 3594?
5
What is the units digit of 4582?
2
What is the units digit of 15034?
4
What is the ten thousands digit of 47909?
4
What is the thousands digit of 20161?
0
What is the units digit of 981?
1
What is the hundreds digit of 3178?
1
What is the units digit of 10696?
6
What is the tens digit of 76961?
6
What is the tens digit of 1603?
0
What is the units digit of 451?
1
What is the units digit of 1561?
1
What is the tens digit of 966?
6
What is the hundreds digit of 340?
3
What is the units digit of 953?
3
What is the hundreds digit of 5757?
7
What is the hundreds digit of 59919?
9
What is the hundreds digit of 56653?
6
What is the hundreds digit of 19145?
1
What is the tens digit of 530?
3
What is the tens digit of 10056?
5
What is the units digit of 4334?
4
What is the units digit of 3323?
3
What is the ten thousands digit of 118607?
1
What is the tens digit of 1117?
1
What is the thousands digit of 4012?
4
What is the hundreds digit of 27838?
8
What is the units digit of 10862?
2
What is the hundreds digit of 11142?
1
What is the thousands digit of 2228?
2
What is the tens digit of 33380?
8
What is the hundreds digit of 109398?
3
What is the tens digit of 3440?
4
What is the thousands digit of 8811?
8
What is the hundreds digit of 14447?
4
What is the tens digit of 200?
0
What is the hundreds digit of 823?
8
What is the units digit of 29270?
0
What is the